{"id":14,"date":"2013-03-21T08:43:08","date_gmt":"2013-03-21T07:43:08","guid":{"rendered":"http:\/\/system.svenskadomaner.se\/~mixmastu\/?page_id=14"},"modified":"2026-01-08T14:35:05","modified_gmt":"2026-01-08T13:35:05","slug":"kontakt","status":"publish","type":"page","link":"https:\/\/www.mixmastudio.se\/?page_id=14","title":{"rendered":"L\u00e4nkar"},"content":{"rendered":"<p data-wp-editing=\"1\"><a href=\"https:\/\/open.spotify.com\/album\/4dFTOjw6D8vp7c7EYlRmSq?si=daRydhfFSyyyfuC5oFp8_Q\">\u00a0<\/a><a href=\"https:\/\/open.spotify.com\/album\/4dFTOjw6D8vp7c7EYlRmSq?si=daRydhfFSyyyfuC5oFp8_Q\" target=\"_blank\" rel=\"noopener\"><img loading=\"lazy\" decoding=\"async\" class=\"alignnone wp-image-551\" src=\"https:\/\/www.mixmastudio.se\/wp-content\/uploads\/pa-ren-svenska-300x300.jpg\" alt=\"\" width=\"180\" height=\"180\" srcset=\"https:\/\/www.mixmastudio.se\/wp-content\/uploads\/pa-ren-svenska-300x300.jpg 300w, https:\/\/www.mixmastudio.se\/wp-content\/uploads\/pa-ren-svenska-1024x1024.jpg 1024w, https:\/\/www.mixmastudio.se\/wp-content\/uploads\/pa-ren-svenska-150x150.jpg 150w, https:\/\/www.mixmastudio.se\/wp-content\/uploads\/pa-ren-svenska-768x768.jpg 768w, https:\/\/www.mixmastudio.se\/wp-content\/uploads\/pa-ren-svenska.jpg 1440w\" sizes=\"auto, (max-width: 180px) 100vw, 180px\" \/> <span style=\"color: #3366ff;\"><em>In Swedish<\/em><\/span><\/a><\/p>\n<p data-wp-editing=\"1\"><a href=\"https:\/\/www.youtube.com\/watch?v=W2kJHRapbcs\" target=\"_blank\" rel=\"noopener\"><img loading=\"lazy\" decoding=\"async\" class=\"alignnone wp-image-543\" src=\"https:\/\/www.mixmastudio.se\/wp-content\/uploads\/batlat-300x212.png\" alt=\"\" width=\"180\" height=\"127\" srcset=\"https:\/\/www.mixmastudio.se\/wp-content\/uploads\/batlat-300x212.png 300w, https:\/\/www.mixmastudio.se\/wp-content\/uploads\/batlat-1024x724.png 1024w, https:\/\/www.mixmastudio.se\/wp-content\/uploads\/batlat-768x543.png 768w, https:\/\/www.mixmastudio.se\/wp-content\/uploads\/batlat-424x300.png 424w, https:\/\/www.mixmastudio.se\/wp-content\/uploads\/batlat.png 1511w\" sizes=\"auto, (max-width: 180px) 100vw, 180px\" \/><\/a> <span style=\"color: #3366ff;\"><em>S\u00e5 sant<\/em><\/span><\/p>\n<p data-wp-editing=\"1\"><a href=\"https:\/\/youtu.be\/sxv-7nrjIwc\" target=\"_blank\" rel=\"noopener\"><img loading=\"lazy\" decoding=\"async\" class=\"alignnone wp-image-529\" src=\"https:\/\/www.mixmastudio.se\/wp-content\/uploads\/YT-Songs-Tell-The-World-Goodbye-225x300.jpg\" alt=\"\" width=\"180\" height=\"240\" srcset=\"https:\/\/www.mixmastudio.se\/wp-content\/uploads\/YT-Songs-Tell-The-World-Goodbye-225x300.jpg 225w, https:\/\/www.mixmastudio.se\/wp-content\/uploads\/YT-Songs-Tell-The-World-Goodbye.jpg 500w\" sizes=\"auto, (max-width: 180px) 100vw, 180px\" \/>\u00a0 <\/a><a href=\"https:\/\/youtu.be\/h6w9pohcHJs\" target=\"_blank\" rel=\"noopener\"><img loading=\"lazy\" decoding=\"async\" class=\"alignnone wp-image-530\" src=\"https:\/\/www.mixmastudio.se\/wp-content\/uploads\/YT-Songs-In-My-LIfe-225x300.jpg\" alt=\"\" width=\"180\" height=\"237\" \/><\/a> <span style=\"color: #3366ff;\"><em>Tv\u00e5 nya<\/em><\/span><\/p>\n<p data-wp-editing=\"1\"><a href=\"https:\/\/www.youtube.com\/watch?v=--LLzPnXKb0\" target=\"_blank\" rel=\"noopener\"><img loading=\"lazy\" decoding=\"async\" class=\"alignnone wp-image-518\" src=\"https:\/\/www.mixmastudio.se\/wp-content\/uploads\/Bat-Mantiz-2-300x225.jpg\" alt=\"\" width=\"180\" height=\"135\" srcset=\"https:\/\/www.mixmastudio.se\/wp-content\/uploads\/Bat-Mantiz-2-300x225.jpg 300w, https:\/\/www.mixmastudio.se\/wp-content\/uploads\/Bat-Mantiz-2-1024x768.jpg 1024w, https:\/\/www.mixmastudio.se\/wp-content\/uploads\/Bat-Mantiz-2-768x576.jpg 768w, https:\/\/www.mixmastudio.se\/wp-content\/uploads\/Bat-Mantiz-2-1536x1152.jpg 1536w, https:\/\/www.mixmastudio.se\/wp-content\/uploads\/Bat-Mantiz-2-400x300.jpg 400w, https:\/\/www.mixmastudio.se\/wp-content\/uploads\/Bat-Mantiz-2.jpg 2048w\" sizes=\"auto, (max-width: 180px) 100vw, 180px\" \/><\/a><a href=\"https:\/\/www.youtube.com\/watch?v=--LLzPnXKb0\"><span style=\"color: #0000ff;\"><em> En gammal v\u00e4n<\/em><\/span><\/a><\/p>\n<p data-wp-editing=\"1\"><em><a href=\"https:\/\/www.youtube.com\/watch?v=SOqzjeOUz7g\" target=\"_blank\" rel=\"noopener\"><img loading=\"lazy\" decoding=\"async\" class=\"alignnone wp-image-500\" src=\"https:\/\/www.mixmastudio.se\/wp-content\/uploads\/ONE-300x170.png\" alt=\"\" width=\"180\" height=\"105\" \/><\/a> <span style=\"color: #3366ff;\">Instrumental<\/span><\/em><\/p>\n<p data-wp-editing=\"1\"><em data-wp-editing=\"1\"><a href=\"https:\/\/www.youtube.com\/watch?v=HXY5DLVgsQE\" target=\"_blank\" rel=\"noopener\"><img loading=\"lazy\" decoding=\"async\" class=\"alignnone wp-image-485\" src=\"https:\/\/www.mixmastudio.se\/wp-content\/uploads\/p58-stenkol-150x150.png\" alt=\"\" width=\"180\" height=\"180\" \/><\/a> <span style=\"color: #3366ff;\">\u00c5 s\u00e5 lite kul<\/span><\/em><\/p>\n<p data-wp-editing=\"1\"><a href=\"https:\/\/open.spotify.com\/album\/0GMABxtp0U5uOhhPiSDQly?si=K0c9WuomSQap-owW-Y4lfQ\" target=\"_blank\" rel=\"noopener\" data-wp-editing=\"1\"><img loading=\"lazy\" decoding=\"async\" class=\"alignnone wp-image-482\" src=\"https:\/\/www.mixmastudio.se\/wp-content\/uploads\/too-late-300x300.jpg\" alt=\"\" width=\"180\" height=\"180\" srcset=\"https:\/\/www.mixmastudio.se\/wp-content\/uploads\/too-late-300x300.jpg 300w, https:\/\/www.mixmastudio.se\/wp-content\/uploads\/too-late-1024x1024.jpg 1024w, https:\/\/www.mixmastudio.se\/wp-content\/uploads\/too-late-150x150.jpg 150w, https:\/\/www.mixmastudio.se\/wp-content\/uploads\/too-late-768x768.jpg 768w, https:\/\/www.mixmastudio.se\/wp-content\/uploads\/too-late-1536x1536.jpg 1536w, https:\/\/www.mixmastudio.se\/wp-content\/uploads\/too-late-2048x2048.jpg 2048w\" sizes=\"auto, (max-width: 180px) 100vw, 180px\" \/><span style=\"color: #00ccff;\"><em> Det blev en till<\/em><\/span><\/a><\/p>\n<p data-wp-editing=\"1\"><em data-wp-editing=\"1\"><a href=\"https:\/\/open.spotify.com\/album\/4Pd011NycQCblrw5qI8eJ0?si=3cHQ_bXESPSYxqnRnj9c7g\" target=\"_blank\" rel=\"noopener\"><img loading=\"lazy\" decoding=\"async\" class=\"alignnone wp-image-471\" src=\"https:\/\/www.mixmastudio.se\/wp-content\/uploads\/jb-3-300x300.jpg\" alt=\"\" width=\"180\" height=\"180\" srcset=\"https:\/\/www.mixmastudio.se\/wp-content\/uploads\/jb-3-300x300.jpg 300w, https:\/\/www.mixmastudio.se\/wp-content\/uploads\/jb-3-1024x1024.jpg 1024w, https:\/\/www.mixmastudio.se\/wp-content\/uploads\/jb-3-150x150.jpg 150w, https:\/\/www.mixmastudio.se\/wp-content\/uploads\/jb-3-768x768.jpg 768w, https:\/\/www.mixmastudio.se\/wp-content\/uploads\/jb-3-1536x1536.jpg 1536w, https:\/\/www.mixmastudio.se\/wp-content\/uploads\/jb-3-2048x2048.jpg 2048w\" sizes=\"auto, (max-width: 180px) 100vw, 180px\" \/><\/a> <a href=\"https:\/\/open.spotify.com\/album\/4Pd011NycQCblrw5qI8eJ0?si=3cHQ_bXESPSYxqnRnj9c7g\">Kunde inte l\u00e5ta bli!<\/a><\/em><\/p>\n<p data-wp-editing=\"1\"><a href=\"https:\/\/open.spotify.com\/album\/6ZUNxnqkrpJ1iCxcZYlaB4?si=CD1alReVRa6xnIQy6zkxGA\" target=\"_blank\" rel=\"noopener\"><img loading=\"lazy\" decoding=\"async\" class=\"alignnone wp-image-456\" src=\"https:\/\/www.mixmastudio.se\/wp-content\/uploads\/Minnen-Av-Karlek-300x300.jpg\" alt=\"\" width=\"180\" height=\"180\" srcset=\"https:\/\/www.mixmastudio.se\/wp-content\/uploads\/Minnen-Av-Karlek-300x300.jpg 300w, https:\/\/www.mixmastudio.se\/wp-content\/uploads\/Minnen-Av-Karlek-1024x1024.jpg 1024w, https:\/\/www.mixmastudio.se\/wp-content\/uploads\/Minnen-Av-Karlek-150x150.jpg 150w, https:\/\/www.mixmastudio.se\/wp-content\/uploads\/Minnen-Av-Karlek-768x768.jpg 768w, https:\/\/www.mixmastudio.se\/wp-content\/uploads\/Minnen-Av-Karlek-1536x1536.jpg 1536w, https:\/\/www.mixmastudio.se\/wp-content\/uploads\/Minnen-Av-Karlek-2048x2048.jpg 2048w\" sizes=\"auto, (max-width: 180px) 100vw, 180px\" \/><\/a><a href=\"https:\/\/open.spotify.com\/album\/6ZUNxnqkrpJ1iCxcZYlaB4?si=CD1alReVRa6xnIQy6zkxGA\" data-wp-editing=\"1\"> <em>\u00c5 en t\u00e4 igen!<\/em><\/a><\/p>\n<p data-wp-editing=\"1\"><em><a href=\"https:\/\/open.spotify.com\/album\/36cBQTUCNn8o6u7j69yxLP?si=2JPoS2dzTxOi41GnHCICfA&amp;dl_branch=1\" target=\"_blank\" rel=\"noopener\"><img loading=\"lazy\" decoding=\"async\" class=\"alignnone wp-image-453\" src=\"https:\/\/www.mixmastudio.se\/wp-content\/uploads\/Longin-Lovin-Cryin-300x300.jpg\" alt=\"\" width=\"180\" height=\"180\" srcset=\"https:\/\/www.mixmastudio.se\/wp-content\/uploads\/Longin-Lovin-Cryin-300x300.jpg 300w, https:\/\/www.mixmastudio.se\/wp-content\/uploads\/Longin-Lovin-Cryin-1024x1024.jpg 1024w, https:\/\/www.mixmastudio.se\/wp-content\/uploads\/Longin-Lovin-Cryin-150x150.jpg 150w, https:\/\/www.mixmastudio.se\/wp-content\/uploads\/Longin-Lovin-Cryin-768x768.jpg 768w, https:\/\/www.mixmastudio.se\/wp-content\/uploads\/Longin-Lovin-Cryin-1536x1536.jpg 1536w, https:\/\/www.mixmastudio.se\/wp-content\/uploads\/Longin-Lovin-Cryin-2048x2048.jpg 2048w\" sizes=\"auto, (max-width: 180px) 100vw, 180px\" \/><\/a> <a href=\"https:\/\/open.spotify.com\/album\/36cBQTUCNn8o6u7j69yxLP?si=2JPoS2dzTxOi41GnHCICfA&amp;dl_branch=1\" target=\"_blank\" rel=\"noopener\"><span style=\"color: #008080;\">Ny EP med Christine<\/span><\/a><\/em><\/p>\n<p><a href=\"https:\/\/open.spotify.com\/album\/0IrZ2L2VKXXDjkqHb16FDq\" target=\"_blank\" rel=\"noopener noreferrer\"><img loading=\"lazy\" decoding=\"async\" class=\"alignnone wp-image-437\" src=\"https:\/\/www.mixmastudio.se\/wp-content\/uploads\/duets-1-300x300.jpg\" alt=\"\" width=\"180\" height=\"180\" srcset=\"https:\/\/www.mixmastudio.se\/wp-content\/uploads\/duets-1-300x300.jpg 300w, https:\/\/www.mixmastudio.se\/wp-content\/uploads\/duets-1-1024x1024.jpg 1024w, https:\/\/www.mixmastudio.se\/wp-content\/uploads\/duets-1-150x150.jpg 150w, https:\/\/www.mixmastudio.se\/wp-content\/uploads\/duets-1-768x768.jpg 768w, https:\/\/www.mixmastudio.se\/wp-content\/uploads\/duets-1-1536x1536.jpg 1536w, https:\/\/www.mixmastudio.se\/wp-content\/uploads\/duets-1-2048x2048.jpg 2048w\" sizes=\"auto, (max-width: 180px) 100vw, 180px\" \/> <span style=\"color: #008080;\"><em>\u00c4ntligen fick jag ihop dem<\/em><\/span><\/a><\/p>\n<p><a href=\"https:\/\/open.spotify.com\/track\/75puvmChk7j8VZ27RJTR6X?si=LK0EYYbzQEiuV7XGiQtQvg\" data-wp-editing=\"1\"><img loading=\"lazy\" decoding=\"async\" class=\"alignnone wp-image-433\" src=\"https:\/\/www.mixmastudio.se\/wp-content\/uploads\/Om-Du-Vill-Va\u2019-Hos-Mig-300x300.jpg\" alt=\"\" width=\"180\" height=\"180\" srcset=\"https:\/\/www.mixmastudio.se\/wp-content\/uploads\/Om-Du-Vill-Va\u2019-Hos-Mig-300x300.jpg 300w, https:\/\/www.mixmastudio.se\/wp-content\/uploads\/Om-Du-Vill-Va\u2019-Hos-Mig-1024x1024.jpg 1024w, https:\/\/www.mixmastudio.se\/wp-content\/uploads\/Om-Du-Vill-Va\u2019-Hos-Mig-150x150.jpg 150w, https:\/\/www.mixmastudio.se\/wp-content\/uploads\/Om-Du-Vill-Va\u2019-Hos-Mig-768x768.jpg 768w, https:\/\/www.mixmastudio.se\/wp-content\/uploads\/Om-Du-Vill-Va\u2019-Hos-Mig-1536x1536.jpg 1536w, https:\/\/www.mixmastudio.se\/wp-content\/uploads\/Om-Du-Vill-Va\u2019-Hos-Mig-2048x2048.jpg 2048w\" sizes=\"auto, (max-width: 180px) 100vw, 180px\" \/> <em>\u00c5 en t\u00e4!<\/em><\/a><\/p>\n<div id=\"attachment_402\" style=\"width: 190px\" class=\"wp-caption alignleft\"><a href=\"https:\/\/youtu.be\/Hj6xad45lr0\" target=\"_blank\" rel=\"noopener noreferrer\"><img loading=\"lazy\" decoding=\"async\" aria-describedby=\"caption-attachment-402\" class=\"wp-image-402\" src=\"https:\/\/www.mixmastudio.se\/wp-content\/uploads\/Du-Sa...-300x300.jpg\" alt=\"\" width=\"180\" height=\"180\" srcset=\"https:\/\/www.mixmastudio.se\/wp-content\/uploads\/Du-Sa...-300x300.jpg 300w, https:\/\/www.mixmastudio.se\/wp-content\/uploads\/Du-Sa...-150x150.jpg 150w, https:\/\/www.mixmastudio.se\/wp-content\/uploads\/Du-Sa...-768x768.jpg 768w, https:\/\/www.mixmastudio.se\/wp-content\/uploads\/Du-Sa...-1024x1024.jpg 1024w\" sizes=\"auto, (max-width: 180px) 100vw, 180px\" \/><\/a><p id=\"caption-attachment-402\" class=\"wp-caption-text\">Du Sa&#8230;<\/p><\/div>\n<div id=\"attachment_412\" style=\"width: 190px\" class=\"wp-caption alignleft\"><a href=\"https:\/\/www.youtube.com\/watch?v=v_xKlwZBLcA\" target=\"_blank\" rel=\"noopener noreferrer\"><img loading=\"lazy\" decoding=\"async\" aria-describedby=\"caption-attachment-412\" class=\" wp-image-412\" src=\"https:\/\/www.mixmastudio.se\/wp-content\/uploads\/S\u00e5-N\u00e4ra-Dig-300x300.jpg\" alt=\"\" width=\"180\" height=\"180\" srcset=\"https:\/\/www.mixmastudio.se\/wp-content\/uploads\/S\u00e5-N\u00e4ra-Dig-300x300.jpg 300w, https:\/\/www.mixmastudio.se\/wp-content\/uploads\/S\u00e5-N\u00e4ra-Dig-1024x1024.jpg 1024w, https:\/\/www.mixmastudio.se\/wp-content\/uploads\/S\u00e5-N\u00e4ra-Dig-150x150.jpg 150w, https:\/\/www.mixmastudio.se\/wp-content\/uploads\/S\u00e5-N\u00e4ra-Dig-768x768.jpg 768w, https:\/\/www.mixmastudio.se\/wp-content\/uploads\/S\u00e5-N\u00e4ra-Dig-1536x1536.jpg 1536w, https:\/\/www.mixmastudio.se\/wp-content\/uploads\/S\u00e5-N\u00e4ra-Dig-2048x2048.jpg 2048w\" sizes=\"auto, (max-width: 180px) 100vw, 180px\" \/><\/a><p id=\"caption-attachment-412\" class=\"wp-caption-text\">S\u00e5 N\u00e4ra Dig<\/p><\/div>\n<p>&nbsp;<\/p>\n<p>&nbsp;<\/p>\n<p>&nbsp;<\/p>\n<p>&nbsp;<\/p>\n<p><span style=\"color: #008080;\"><em>Och s\u00e5 tv\u00e5 till!<\/em><\/span><\/p>\n<p>&nbsp;<\/p>\n<p><a href=\"https:\/\/www.youtube.com\/watch?v=RvT-KujRcSg\" target=\"_blank\" rel=\"noopener noreferrer\"><img loading=\"lazy\" decoding=\"async\" class=\"alignnone wp-image-394\" src=\"https:\/\/www.mixmastudio.se\/wp-content\/uploads\/Heidi-Cover-300x300.jpg\" alt=\"\" width=\"180\" height=\"180\" srcset=\"https:\/\/www.mixmastudio.se\/wp-content\/uploads\/Heidi-Cover-300x300.jpg 300w, https:\/\/www.mixmastudio.se\/wp-content\/uploads\/Heidi-Cover-150x150.jpg 150w, https:\/\/www.mixmastudio.se\/wp-content\/uploads\/Heidi-Cover-768x768.jpg 768w, https:\/\/www.mixmastudio.se\/wp-content\/uploads\/Heidi-Cover-1024x1024.jpg 1024w\" sizes=\"auto, (max-width: 180px) 100vw, 180px\" \/><em><img loading=\"lazy\" decoding=\"async\" class=\"alignnone wp-image-399\" src=\"https:\/\/www.mixmastudio.se\/wp-content\/uploads\/HB-223x300.jpg\" alt=\"\" width=\"134\" height=\"177\" \/> En liten l\u00e5t till Heidi<\/em><\/a><\/p>\n<p><a href=\"https:\/\/open.spotify.com\/album\/5sAbgOLolGjydhZ3Uu8F7V?si=hER-zChXSt6EH93ZqoZZjQ\" target=\"_blank\" rel=\"noopener noreferrer\"><img loading=\"lazy\" decoding=\"async\" class=\"alignnone wp-image-363\" src=\"https:\/\/www.mixmastudio.se\/wp-content\/uploads\/PnT.bmp\" alt=\"\" width=\"171\" height=\"170\" \/>\u00a0\u00c4<em>ntligen\u00a0hamnade\u00a0dessa rock-gubbar p\u00e5 samma skiva<\/em><\/a><\/p>\n<p><a href=\"https:\/\/open.spotify.com\/album\/0fpS5vIUhJ1ln2SjM3cxAF?si=Glp5jFK_SgGywSFZwiMb9Q\" target=\"_blank\" rel=\"noopener noreferrer\"><img loading=\"lazy\" decoding=\"async\" class=\"alignnone wp-image-359\" src=\"https:\/\/www.mixmastudio.se\/wp-content\/uploads\/CF-300x297.jpg\" alt=\"\" width=\"176\" height=\"174\" srcset=\"https:\/\/www.mixmastudio.se\/wp-content\/uploads\/CF-300x297.jpg 300w, https:\/\/www.mixmastudio.se\/wp-content\/uploads\/CF-303x300.jpg 303w, https:\/\/www.mixmastudio.se\/wp-content\/uploads\/CF.jpg 458w\" sizes=\"auto, (max-width: 176px) 100vw, 176px\" \/><\/a> <a href=\"https:\/\/open.spotify.com\/album\/0fpS5vIUhJ1ln2SjM3cxAF?si=Glp5jFK_SgGywSFZwiMb9Q\" target=\"_blank\" rel=\"noopener noreferrer\"><em>En Borl\u00e4nget\u00f6s med ljuva st\u00e4mband<\/em><\/a><\/p>\n<p data-wp-editing=\"1\"><a href=\"https:\/\/open.spotify.com\/album\/6JIFeGi57MhGCN55kKhDix?si=t-lMQNN2Q-qDb2KthqUsPQ\" data-wp-editing=\"1\"><img loading=\"lazy\" decoding=\"async\" class=\"alignnone wp-image-336\" src=\"https:\/\/www.mixmastudio.se\/wp-content\/uploads\/Tiden-Puls-C-300x300.jpg\" alt=\"\" width=\"170\" height=\"170\" srcset=\"https:\/\/www.mixmastudio.se\/wp-content\/uploads\/Tiden-Puls-C-300x300.jpg 300w, https:\/\/www.mixmastudio.se\/wp-content\/uploads\/Tiden-Puls-C-150x150.jpg 150w, https:\/\/www.mixmastudio.se\/wp-content\/uploads\/Tiden-Puls-C.jpg 600w\" sizes=\"auto, (max-width: 170px) 100vw, 170px\" \/> <em>En h\u00e5rdrockare i lugnare tempo<\/em><\/a><\/p>\n<p><a href=\"https:\/\/www.youtube.com\/watch?v=ByTy7UBPBJs\"><img loading=\"lazy\" decoding=\"async\" class=\"alignnone wp-image-416 size-medium\" src=\"https:\/\/www.mixmastudio.se\/wp-content\/uploads\/11999564_1479310142372958_3992808839096353125_o-300x111.jpg\" alt=\"\" width=\"300\" height=\"111\" srcset=\"https:\/\/www.mixmastudio.se\/wp-content\/uploads\/11999564_1479310142372958_3992808839096353125_o-300x111.jpg 300w, https:\/\/www.mixmastudio.se\/wp-content\/uploads\/11999564_1479310142372958_3992808839096353125_o-1024x379.jpg 1024w, https:\/\/www.mixmastudio.se\/wp-content\/uploads\/11999564_1479310142372958_3992808839096353125_o-768x284.jpg 768w, https:\/\/www.mixmastudio.se\/wp-content\/uploads\/11999564_1479310142372958_3992808839096353125_o-1536x568.jpg 1536w, https:\/\/www.mixmastudio.se\/wp-content\/uploads\/11999564_1479310142372958_3992808839096353125_o-2048x758.jpg 2048w, https:\/\/www.mixmastudio.se\/wp-content\/uploads\/11999564_1479310142372958_3992808839096353125_o-500x185.jpg 500w\" sizes=\"auto, (max-width: 300px) 100vw, 300px\" \/><\/a><a href=\"https:\/\/www.youtube.com\/watch?v=ByTy7UBPBJs\" target=\"_blank\" rel=\"noopener noreferrer\">Otroligt att vi lyckades med detta projekt<\/a><\/p>\n<p><span style=\"color: #000000;\"><a href=\"http:\/\/open.spotify.com\/track\/5dF4cnto3yJm6OKtrJdM3o\" target=\"_blank\" rel=\"noopener noreferrer\"><span style=\"color: #000000;\"><img loading=\"lazy\" decoding=\"async\" class=\"alignnone size-medium wp-image-251\" style=\"width: 175px;\" src=\"https:\/\/www.mixmastudio.se\/wp-content\/uploads\/MK-300x225.jpg\" alt=\"MK\" width=\"300\" height=\"133\" \/><\/span><em>\u00a0Ett sp\u00e4nnande samarbete med en v\u00e4rldsartist<\/em><\/a><\/span><\/p>\n<p data-wp-editing=\"1\"><a href=\"https:\/\/open.spotify.com\/album\/2uhrNUNxRh7JmCb3gWTjU0?si=m7q5R3lRShiYxlKxIpkvFg\" target=\"_blank\" rel=\"noopener noreferrer\"><img loading=\"lazy\" decoding=\"async\" class=\"alignnone wp-image-396\" src=\"https:\/\/www.mixmastudio.se\/wp-content\/uploads\/Anki-och-Jon-346-ExtEdit-ExtEdit2-300x200.jpg\" alt=\"\" width=\"169\" height=\"115\" \/><\/a> <a href=\"2HfqqVWu0qqXPIb7DRx7H1\" target=\"_blank\" rel=\"noopener noreferrer\"><em>Alva Johnssons ljuvliga r\u00f6st<\/em><\/a><\/p>\n<p><a href=\"http:\/\/open.spotify.com\/album\/11C55XX2dUKm6MaPvXXfp0\" target=\"_blank\" rel=\"noopener noreferrer\"><img loading=\"lazy\" decoding=\"async\" class=\"alignnone size-medium wp-image-114\" style=\"width: 138px;\" src=\"https:\/\/www.mixmastudio.se\/wp-content\/uploads\/dsc_0620-293x300.jpg\" alt=\"dsc_0620\" width=\"146\" height=\"149\" srcset=\"https:\/\/www.mixmastudio.se\/wp-content\/uploads\/dsc_0620-293x300.jpg 293w, https:\/\/www.mixmastudio.se\/wp-content\/uploads\/dsc_0620.jpg 600w\" sizes=\"auto, (max-width: 146px) 100vw, 146px\" \/>\u00a0<em>En duktig s\u00e5ngare som sjunger\u00a0det\u00a0mesta<\/em><\/a><\/p>\n<p><a href=\"http:\/\/open.spotify.com\/album\/0OrJm9v1VzvVN3UPj02Smq\" target=\"_blank\" rel=\"noopener noreferrer\"><img loading=\"lazy\" decoding=\"async\" class=\"alignnone wp-image-113\" style=\"width: 135px;\" src=\"https:\/\/www.mixmastudio.se\/wp-content\/uploads\/Chris.png\" alt=\"Chris\" width=\"145\" height=\"194\" \/>\u00a0<em>S\u00e5ngare p\u00e5 skivan\u00a0&#8221;Strange Desires&#8221;\u00a0\/ Finalist i &#8221;The Voice<\/em>&#8221;<\/a><\/p>\n<p><a href=\"https:\/\/sv-se.facebook.com\/Skuggsidan\" target=\"_blank\" rel=\"noopener noreferrer\"><img loading=\"lazy\" decoding=\"async\" class=\"alignnone size-medium wp-image-115\" style=\"width: 236px;\" src=\"https:\/\/www.mixmastudio.se\/wp-content\/uploads\/Skuggsidan-Logo-300x127.jpg\" alt=\"Skuggsidan (Logo)\" width=\"243\" height=\"103\" srcset=\"https:\/\/www.mixmastudio.se\/wp-content\/uploads\/Skuggsidan-Logo-300x127.jpg 300w, https:\/\/www.mixmastudio.se\/wp-content\/uploads\/Skuggsidan-Logo-500x212.jpg 500w, https:\/\/www.mixmastudio.se\/wp-content\/uploads\/Skuggsidan-Logo.jpg 769w\" sizes=\"auto, (max-width: 243px) 100vw, 243px\" \/>\u00a0<em>Ett kul samarbete<\/em><\/a><\/p>\n<p><a href=\"http:\/\/www.youtube.com\/watch?v=UIYtbZgkbV8\" target=\"_blank\" rel=\"noopener noreferrer\"><img loading=\"lazy\" decoding=\"async\" class=\"alignnone size-full wp-image-116\" src=\"https:\/\/www.mixmastudio.se\/wp-content\/uploads\/Ida-e1369494404203.jpg\" alt=\"Ida\" width=\"142\" height=\"128\" \/>\u00a0<em>En dag kom grannens j\u00e4nta och h\u00e4lsade p\u00e5&#8230;<\/em><\/a><\/p>\n<p><a href=\"http:\/\/open.spotify.com\/album\/0IGOzgtD3QUeoLcshprySU\" target=\"_blank\" rel=\"noopener noreferrer\"><img loading=\"lazy\" decoding=\"async\" class=\"alignnone size-medium wp-image-106\" src=\"https:\/\/www.mixmastudio.se\/wp-content\/uploads\/Ibanez1-241x300.jpg\" alt=\"OLYMPUS DIGITAL CAMERA\" width=\"125\" height=\"159\" \/>\u00a0<em>Glenn jobbar i studion, men i bland kan han inte l\u00e5ta bli&#8230;<\/em><\/a><\/p>\n<p>&nbsp;<\/p>\n<p>&nbsp;<\/p>\n<p>&nbsp;<\/p>\n<p>&nbsp;<\/p>\n<p>Copyright\u00a92026 mixmastudio.se<\/p>\n<p>&nbsp;<\/p>\n<p>&nbsp;<\/p>\n<p>&nbsp;<\/p>\n<p>&nbsp;<\/p>\n<p>&nbsp;<\/p>\n","protected":false},"excerpt":{"rendered":"<p>\u00a0 In Swedish S\u00e5 sant \u00a0 Tv\u00e5 nya En gammal v\u00e4n Instrumental \u00c5 s\u00e5 lite kul Det blev en till Kunde inte l\u00e5ta bli! \u00c5 en t\u00e4 igen! Ny EP med Christine \u00c4ntligen fick jag ihop dem \u00c5 en t\u00e4! &hellip; <a href=\"https:\/\/www.mixmastudio.se\/?page_id=14\">Forts\u00e4tt l\u00e4sa <span class=\"meta-nav\">&rarr;<\/span><\/a><\/p>\n","protected":false},"author":1,"featured_media":0,"parent":0,"menu_order":0,"comment_status":"closed","ping_status":"closed","template":"","meta":{"footnotes":""},"class_list":["post-14","page","type-page","status-publish","hentry"],"_links":{"self":[{"href":"https:\/\/www.mixmastudio.se\/index.php?rest_route=\/wp\/v2\/pages\/14","targetHints":{"allow":["GET"]}}],"collection":[{"href":"https:\/\/www.mixmastudio.se\/index.php?rest_route=\/wp\/v2\/pages"}],"about":[{"href":"https:\/\/www.mixmastudio.se\/index.php?rest_route=\/wp\/v2\/types\/page"}],"author":[{"embeddable":true,"href":"https:\/\/www.mixmastudio.se\/index.php?rest_route=\/wp\/v2\/users\/1"}],"replies":[{"embeddable":true,"href":"https:\/\/www.mixmastudio.se\/index.php?rest_route=%2Fwp%2Fv2%2Fcomments&post=14"}],"version-history":[{"count":117,"href":"https:\/\/www.mixmastudio.se\/index.php?rest_route=\/wp\/v2\/pages\/14\/revisions"}],"predecessor-version":[{"id":556,"href":"https:\/\/www.mixmastudio.se\/index.php?rest_route=\/wp\/v2\/pages\/14\/revisions\/556"}],"wp:attachment":[{"href":"https:\/\/www.mixmastudio.se\/index.php?rest_route=%2Fwp%2Fv2%2Fmedia&parent=14"}],"curies":[{"name":"wp","href":"https:\/\/api.w.org\/{rel}","templated":true}]}}